{"id":518,"date":"2021-08-23T11:38:49","date_gmt":"2021-08-23T09:38:49","guid":{"rendered":"http:\/\/www2.flautomagicocermenate.it\/?page_id=518"},"modified":"2021-09-07T15:52:30","modified_gmt":"2021-09-07T13:52:30","slug":"violino-viola","status":"publish","type":"page","link":"https:\/\/www.flautomagicocermenate.it\/?page_id=518","title":{"rendered":"Violino Viola"},"content":{"rendered":"\n<div class=\"wp-block-columns is-layout-flex wp-container-core-columns-is-layout-9d6595d7 wp-block-columns-is-layout-flex\">\n<div class=\"wp-block-column is-layout-flow wp-block-column-is-layout-flow\" style=\"flex-basis:33.33%\">\n<figure class=\"wp-block-image size-large\"><img loading=\"lazy\" decoding=\"async\" width=\"252\" height=\"338\" src=\"http:\/\/www2.flautomagicocermenate.it\/wp-content\/uploads\/2021\/08\/violino2.jpg\" alt=\"\" class=\"wp-image-560\" srcset=\"https:\/\/www.flautomagicocermenate.it\/wp-content\/uploads\/2021\/08\/violino2.jpg 252w, https:\/\/www.flautomagicocermenate.it\/wp-content\/uploads\/2021\/08\/violino2-224x300.jpg 224w\" sizes=\"auto, (max-width: 252px) 100vw, 252px\" \/><figcaption>Violino<\/figcaption><\/figure>\n\n\n\n<figure class=\"wp-block-image size-large\"><img loading=\"lazy\" decoding=\"async\" width=\"800\" height=\"800\" src=\"http:\/\/www2.flautomagicocermenate.it\/wp-content\/uploads\/2021\/08\/viola.jpg\" alt=\"\" class=\"wp-image-551\" srcset=\"https:\/\/www.flautomagicocermenate.it\/wp-content\/uploads\/2021\/08\/viola.jpg 800w, https:\/\/www.flautomagicocermenate.it\/wp-content\/uploads\/2021\/08\/viola-300x300.jpg 300w, https:\/\/www.flautomagicocermenate.it\/wp-content\/uploads\/2021\/08\/viola-150x150.jpg 150w, https:\/\/www.flautomagicocermenate.it\/wp-content\/uploads\/2021\/08\/viola-768x768.jpg 768w\" sizes=\"auto, (max-width: 800px) 100vw, 800px\" \/><figcaption>Viola<\/figcaption><\/figure>\n<\/div>\n\n\n\n<div class=\"wp-block-column is-layout-flow wp-block-column-is-layout-flow\" style=\"flex-basis:66.66%\">\n<h3 class=\"wp-block-heading\"><strong><span style=\"color:#303192\" class=\"has-inline-color\">Violino &#8211; Viola<\/span><\/strong><\/h3>\n\n\n\n<p>Benvenuto nella classe di violino e viola! O meglio, nella classe degli strumenti ad arco!<\/p>\n\n\n\n<p>Eh gi\u00e0, perch\u00e9 qui suoniamo due strumenti alla volta: il violino (o la viola) nella mano sinistra, con le sue quattro corde e la forma stravagante, e nella mano destra l\u2019archetto, una specie di lungo bastoncino di legno a cui sono attaccati dei crini di cavallo che strofinando le corde producono un suono melodioso e intenso, proprio come se si stesse cantando con lo strumento!<\/p>\n\n\n\n<p>La viola \u00e8 una specie di sorella maggiore del violino: \u00e8 di dimensioni pi\u00f9 grandi ed ha una corda diversa pi\u00f9 grave (pi\u00f9 \u201cbassa\u201d di suono), mentre il violino ne ha una pi\u00f9 acuta (pi\u00f9 \u201calta\u201d). La viola \u00e8 uno strumento simpatico e caldo e fa da grado di congiunzione fra il violoncello ed il violino, mentre quest\u2019ultimo \u00e8 elegante e sinuoso come una ballerina classica (attenzione per\u00f2! Bisogna stare sempre in equilibrio sulle corde\u2026accetti la sfida?).<\/p>\n\n\n\n<p>Ci sono molte altre curiosit\u00e0 sugli strumenti ad arco: per esempio, avresti mai detto che abbiano un cuore ed un\u2019anima? Oppure, che l\u2019arco si chiami cos\u00ec proprio perch\u00e9 in origine fosse curvo come quello di Robin Hood? E sapevi che il violino sia nato fra Brescia e Cremona?<\/p>\n\n\n\n<p>Tutto questo e molto altro lo troverai nella classe di violino e viola!<\/p>\n<\/div>\n<\/div>\n\n\n\n<figure class=\"wp-block-table is-style-stripes\"><table><tbody><tr><td><\/td><td><strong>VIOLINO<\/strong><\/td><\/tr><tr><td><strong>DESTINATARI<\/strong><\/td><td>A partire dai 7 anni<\/td><\/tr><tr><td><strong>TIPOLOGIA<\/strong><\/td><td>Lezioni individuali di 30 &#8211; 45 &#8211; 60 minuti<\/td><\/tr><tr><td><strong>DOCENTI<\/strong><\/td><td>GIULIA ALESSIO<\/td><\/tr><\/tbody><\/table><\/figure>\n\n\n\n<figure class=\"wp-block-table is-style-stripes\"><table><tbody><tr><td><\/td><td><strong>VIOLA<\/strong><\/td><\/tr><tr><td><strong>DESTINATARI<\/strong><\/td><td>A partire dagli 11 anni<\/td><\/tr><tr><td><strong>TIPOLOGIA<\/strong><\/td><td>Lezioni individuali di 30 &#8211; 45 &#8211; 60 minuti<\/td><\/tr><tr><td><strong>DOCENTI<\/strong><\/td><td>GIULIA ALESSIO<\/td><\/tr><\/tbody><\/table><\/figure>\n","protected":false},"excerpt":{"rendered":"<p>Violino &#8211; Viola Benvenuto nella classe di violino e viola! O meglio, nella classe degli strumenti ad arco! Eh gi\u00e0, perch\u00e9 qui suoniamo due strumenti alla volta: il violino (o &#8230;<\/p>\n","protected":false},"author":1,"featured_media":0,"parent":0,"menu_order":0,"comment_status":"closed","ping_status":"closed","template":"","meta":{"footnotes":""},"class_list":["post-518","page","type-page","status-publish","hentry"],"_links":{"self":[{"href":"https:\/\/www.flautomagicocermenate.it\/index.php?rest_route=\/wp\/v2\/pages\/518","targetHints":{"allow":["GET"]}}],"collection":[{"href":"https:\/\/www.flautomagicocermenate.it\/index.php?rest_route=\/wp\/v2\/pages"}],"about":[{"href":"https:\/\/www.flautomagicocermenate.it\/index.php?rest_route=\/wp\/v2\/types\/page"}],"author":[{"embeddable":true,"href":"https:\/\/www.flautomagicocermenate.it\/index.php?rest_route=\/wp\/v2\/users\/1"}],"replies":[{"embeddable":true,"href":"https:\/\/www.flautomagicocermenate.it\/index.php?rest_route=%2Fwp%2Fv2%2Fcomments&post=518"}],"version-history":[{"count":11,"href":"https:\/\/www.flautomagicocermenate.it\/index.php?rest_route=\/wp\/v2\/pages\/518\/revisions"}],"predecessor-version":[{"id":872,"href":"https:\/\/www.flautomagicocermenate.it\/index.php?rest_route=\/wp\/v2\/pages\/518\/revisions\/872"}],"wp:attachment":[{"href":"https:\/\/www.flautomagicocermenate.it\/index.php?rest_route=%2Fwp%2Fv2%2Fmedia&parent=518"}],"curies":[{"name":"wp","href":"https:\/\/api.w.org\/{rel}","templated":true}]}}

<div class="wp-block-columns is-layout-flex wp-container-core-columns-is-layout-9d6595d7 wp-block-columns-is-layout-flex">
<div class="wp-block-column is-layout-flow wp-block-column-is-layout-flow" style="flex-basis:33.33%">
<figure class="wp-block-image size-large"><img loading="lazy" decoding="async" width="252" height="338" src="http://www2.flautomagicocermenate.it/wp-content/uploads/2021/08/violino2.jpg" alt="" class="wp-image-560" srcset="https://www.flautomagicocermenate.it/wp-content/uploads/2021/08/violino2.jpg 252w, https://www.flautomagicocermenate.it/wp-content/uploads/2021/08/violino2-224x300.jpg 224w" sizes="auto, (max-width: 252px) 100vw, 252px" /><figcaption>Violino</figcaption></figure>



<figure class="wp-block-image size-large"><img loading="lazy" decoding="async" width="800" height="800" src="http://www2.flautomagicocermenate.it/wp-content/uploads/2021/08/viola.jpg" alt="" class="wp-image-551" srcset="https://www.flautomagicocermenate.it/wp-content/uploads/2021/08/viola.jpg 800w, https://www.flautomagicocermenate.it/wp-content/uploads/2021/08/viola-300x300.jpg 300w, https://www.flautomagicocermenate.it/wp-content/uploads/2021/08/viola-150x150.jpg 150w, https://www.flautomagicocermenate.it/wp-content/uploads/2021/08/viola-768x768.jpg 768w" sizes="auto, (max-width: 800px) 100vw, 800px" /><figcaption>Viola</figcaption></figure>
</div>



<div class="wp-block-column is-layout-flow wp-block-column-is-layout-flow" style="flex-basis:66.66%">
<h3 class="wp-block-heading"><strong><span style="color:#303192" class="has-inline-color">Violino &#8211; Viola</span></strong></h3>



<p>Benvenuto nella classe di violino e viola! O meglio, nella classe degli strumenti ad arco!</p>



<p>Eh già, perché qui suoniamo due strumenti alla volta: il violino (o la viola) nella mano sinistra, con le sue quattro corde e la forma stravagante, e nella mano destra l’archetto, una specie di lungo bastoncino di legno a cui sono attaccati dei crini di cavallo che strofinando le corde producono un suono melodioso e intenso, proprio come se si stesse cantando con lo strumento!</p>



<p>La viola è una specie di sorella maggiore del violino: è di dimensioni più grandi ed ha una corda diversa più grave (più “bassa” di suono), mentre il violino ne ha una più acuta (più “alta”). La viola è uno strumento simpatico e caldo e fa da grado di congiunzione fra il violoncello ed il violino, mentre quest’ultimo è elegante e sinuoso come una ballerina classica (attenzione però! Bisogna stare sempre in equilibrio sulle corde…accetti la sfida?).</p>



<p>Ci sono molte altre curiosità sugli strumenti ad arco: per esempio, avresti mai detto che abbiano un cuore ed un’anima? Oppure, che l’arco si chiami così proprio perché in origine fosse curvo come quello di Robin Hood? E sapevi che il violino sia nato fra Brescia e Cremona?</p>



<p>Tutto questo e molto altro lo troverai nella classe di violino e viola!</p>
</div>
</div>



<figure class="wp-block-table is-style-stripes"><table><tbody><tr><td></td><td><strong>VIOLINO</strong></td></tr><tr><td><strong>DESTINATARI</strong></td><td>A partire dai 7 anni</td></tr><tr><td><strong>TIPOLOGIA</strong></td><td>Lezioni individuali di 30 &#8211; 45 &#8211; 60 minuti</td></tr><tr><td><strong>DOCENTI</strong></td><td>GIULIA ALESSIO</td></tr></tbody></table></figure>



<figure class="wp-block-table is-style-stripes"><table><tbody><tr><td></td><td><strong>VIOLA</strong></td></tr><tr><td><strong>DESTINATARI</strong></td><td>A partire dagli 11 anni</td></tr><tr><td><strong>TIPOLOGIA</strong></td><td>Lezioni individuali di 30 &#8211; 45 &#8211; 60 minuti</td></tr><tr><td><strong>DOCENTI</strong></td><td>GIULIA ALESSIO</td></tr></tbody></table></figure>

<p>Violino &#8211; Viola Benvenuto nella classe di violino e viola! O meglio, nella classe degli strumenti ad arco! Eh già, perché qui suoniamo due strumenti alla volta: il violino (o &#8230;</p>
